{"id":102,"date":"2019-02-13T15:46:51","date_gmt":"2019-02-13T15:46:51","guid":{"rendered":"https:\/\/tertisztitas.com\/?page_id=102"},"modified":"2020-08-25T17:07:21","modified_gmt":"2020-08-25T17:07:21","slug":"partnerek","status":"publish","type":"page","link":"https:\/\/tertisztitas.com\/index.php\/partnerek\/","title":{"rendered":"Partnerek"},"content":{"rendered":"\n<p class=\"has-text-align-center\"><a rel=\"noreferrer noopener\" aria-label=\" (\u00faj f\u00fcl\u00f6n nyitja meg)\" href=\"http:\/\/szellemszive.hu\/\" target=\"_blank\">http:\/\/szellemszive.hu\/<\/a><\/p>\n\n\n\n<hr class=\"wp-block-separator\"\/>\n\n\n\n<p class=\"has-text-align-center\"><a href=\"http:\/\/spiritualisinga.boltaneten.hu\/\" target=\"_blank\" rel=\"noreferrer noopener\" aria-label=\" (\u00faj f\u00fcl\u00f6n nyitja meg)\">http:\/\/spiritualisinga.boltaneten.hu\/<\/a><\/p>\n\n\n\n<hr class=\"wp-block-separator\"\/>\n\n\n\n<p class=\"has-text-align-center\"><a href=\"http:\/\/www.gyogyitobeszelgetes.hu\/\" target=\"_blank\" rel=\"noreferrer noopener\" aria-label=\" (\u00faj f\u00fcl\u00f6n nyitja meg)\">http:\/\/www.gyogyitobeszelgetes.hu\/<\/a><\/p>\n\n\n\n<hr class=\"wp-block-separator\"\/>\n\n\n\n<p class=\"has-text-align-center\"><a href=\"http:\/\/www.szivvarazs.hu\/\" target=\"_blank\" rel=\"noreferrer noopener\" aria-label=\" (\u00faj f\u00fcl\u00f6n nyitja meg)\">http:\/\/www.szivvarazs.hu\/<\/a><\/p>\n\n\n\n<hr class=\"wp-block-separator\"\/>\n\n\n\n<p class=\"has-text-align-center\"><a rel=\"noreferrer noopener\" aria-label=\" (\u00faj f\u00fcl\u00f6n nyitja meg)\" href=\"http:\/\/www.lelekorom.hu\/\" target=\"_blank\">http:\/\/www.lelekorom.hu\/<\/a> <\/p>\n\n\n\n<hr class=\"wp-block-separator\"\/>\n\n\n\n<p class=\"has-text-align-center\"><a href=\"http:\/\/holdbolt.hu\/\">http:\/\/holdbolt.hu\/<\/a><\/p>\n\n\n\n<hr class=\"wp-block-separator\"\/>\n\n\n\n<p class=\"has-text-align-center\"><a rel=\"noreferrer noopener\" aria-label=\" (\u00faj f\u00fcl\u00f6n nyitja meg)\" href=\"http:\/\/www.kristalycentrum.hu\/\" target=\"_blank\">http:\/\/www.kristalycentrum.hu\/<\/a><\/p>\n\n\n\n<hr class=\"wp-block-separator\"\/>\n\n\n\n<p class=\"has-text-align-center\"><a href=\"http:\/\/lelekutjai.hu\/\" target=\"_blank\" rel=\"noreferrer noopener\" aria-label=\" (\u00faj f\u00fcl\u00f6n nyitja meg)\">http:\/\/lelekutjai.hu\/<\/a><\/p>\n\n\n\n<hr class=\"wp-block-separator\"\/>\n\n\n\n<p class=\"has-text-align-center\"><a href=\"https:\/\/www.reikimester.hu\" target=\"_blank\" rel=\"noreferrer noopener\" aria-label=\" (\u00faj f\u00fcl\u00f6n nyitja meg)\">https:\/\/www.reikimester.hu<\/a><\/p>\n\n\n\n<hr class=\"wp-block-separator\"\/>\n\n\n\n<p class=\"has-text-align-center\"><a href=\"https:\/\/tundersziv.hu\/\" target=\"_blank\" rel=\"noreferrer noopener\" aria-label=\"https:\/\/tundersziv.hu\/ (\u00faj f\u00fcl\u00f6n nyitja meg)\">https:\/\/tundersziv.hu\/<\/a><\/p>\n\n\n\n<hr class=\"wp-block-separator\"\/>\n\n\n\n<p class=\"has-text-align-center\"><a href=\"http:\/\/ajurvedatippek.hu\/\" target=\"_blank\" rel=\"noreferrer noopener\" aria-label=\"http:\/\/ajurvedatippek.hu\/ (\u00faj f\u00fcl\u00f6n nyitja meg)\">http:\/\/ajurvedatippek.hu\/<\/a><\/p>\n\n\n\n<hr class=\"wp-block-separator\"\/>\n\n\n\n<p class=\"has-text-align-center\"><a href=\"http:\/\/bencze-marosi.hu\/\" target=\"_blank\" rel=\"noreferrer noopener\">http:\/\/bencze-marosi.hu\/<\/a><\/p>\n","protected":false},"excerpt":{"rendered":"<p>http:\/\/szellemszive.hu\/ http:\/\/spiritualisinga.boltaneten.hu\/ http:\/\/www.gyogyitobeszelgetes.hu\/ http:\/\/www.szivvarazs.hu\/ http:\/\/www.lelekorom.hu\/ http:\/\/holdbolt.hu\/ http:\/\/www.kristalycentrum.hu\/ http:\/\/lelekutjai.hu\/ https:\/\/www.reikimester.hu https:\/\/tundersziv.hu\/ http:\/\/ajurvedatippek.hu\/ http:\/\/bencze-marosi.hu\/<\/p>\n","protected":false},"author":1,"featured_media":0,"parent":0,"menu_order":0,"comment_status":"closed","ping_status":"closed","template":"","meta":[],"_links":{"self":[{"href":"https:\/\/tertisztitas.com\/index.php\/wp-json\/wp\/v2\/pages\/102"}],"collection":[{"href":"https:\/\/tertisztitas.com\/index.php\/wp-json\/wp\/v2\/pages"}],"about":[{"href":"https:\/\/tertisztitas.com\/index.php\/wp-json\/wp\/v2\/types\/page"}],"author":[{"embeddable":true,"href":"https:\/\/tertisztitas.com\/index.php\/wp-json\/wp\/v2\/users\/1"}],"replies":[{"embeddable":true,"href":"https:\/\/tertisztitas.com\/index.php\/wp-json\/wp\/v2\/comments?post=102"}],"version-history":[{"count":18,"href":"https:\/\/tertisztitas.com\/index.php\/wp-json\/wp\/v2\/pages\/102\/revisions"}],"predecessor-version":[{"id":863,"href":"https:\/\/tertisztitas.com\/index.php\/wp-json\/wp\/v2\/pages\/102\/revisions\/863"}],"wp:attachment":[{"href":"https:\/\/tertisztitas.com\/index.php\/wp-json\/wp\/v2\/media?parent=102"}],"curies":[{"name":"wp","href":"https:\/\/api.w.org\/{rel}","templated":true}]}}